{"id":498,"date":"2019-04-25T07:32:22","date_gmt":"2019-04-25T07:32:22","guid":{"rendered":"http:\/\/evss.elo-vom-schwarzen-see.de\/?page_id=498"},"modified":"2019-04-25T07:32:22","modified_gmt":"2019-04-25T07:32:22","slug":"aska-in-memory","status":"publish","type":"page","link":"https:\/\/elo-vom-schwarzen-see.de\/?page_id=498","title":{"rendered":"Aska ( in Memory )"},"content":{"rendered":"\t\t<div data-elementor-type=\"wp-post\" data-elementor-id=\"498\" class=\"elementor elementor-498\">\n\t\t\t\t\t\t<section class=\"elementor-section elementor-top-section elementor-element elementor-element-da9c4cc elementor-section-boxed elementor-section-height-default elementor-section-height-default\" data-id=\"da9c4cc\" data-element_type=\"section\" data-e-type=\"section\">\n\t\t\t\t\t\t<div class=\"elementor-container elementor-column-gap-default\">\n\t\t\t\t\t<div class=\"elementor-column elementor-col-100 elementor-top-column elementor-element elementor-element-0fdacbf\" data-id=\"0fdacbf\" data-element_type=\"column\" data-e-type=\"column\">\n\t\t\t<div class=\"elementor-widget-wrap elementor-element-populated\">\n\t\t\t\t\t\t<div class=\"elementor-element elementor-element-0e7d4db elementor-widget elementor-widget-wp-widget-menubar\" data-id=\"0e7d4db\" data-element_type=\"widget\" data-e-type=\"widget\" data-widget_type=\"wp-widget-menubar.default\">\n\t\t\t\t<div class=\"elementor-widget-container\">\n\t\t\t\t\t<!-- WP Menubar 5.9.4: start menu Unsere Hunde, template Superfish, CSS ssf-green.css -->\n\r\n<script type=\"text\/javascript\">\r\n\/\/ <![CDATA[\r\njQuery(document).ready(function($) {\r\n$(\"ul.ssf-green\").superfish ({\r\n    hoverClass:    \"wpm-hover\",        \r\n    delay:         500,                \r\n    animation:     {opacity:\"show\"}, \r\n    speed:         \"slow\",         \r\n    autoArrows:    true,               \r\n    dropShadows:   true,               \r\n    disableHI:     true\r\n});\r\n}); \r\n\/\/ ]]>\r\n<\/script>\r\n\r\n<div class=\"ssf-green-wrap\">\r\n<ul class=\"ssf-green\"><li><a href=\"https:\/\/elo-vom-schwarzen-see.de\/?page_id=490\" >Orika<\/a><\/li><li><a href=\"https:\/\/elo-vom-schwarzen-see.de\/?page_id=2745\" >Quanda<\/a><\/li><li><a href=\"https:\/\/elo-vom-schwarzen-see.de\/?page_id=7412\" >Sahila<\/a><\/li><li><a href=\"https:\/\/elo-vom-schwarzen-see.de\/?page_id=7417\" >Yin<\/a><\/li><li><a href=\"https:\/\/elo-vom-schwarzen-see.de\/?page_id=498\" >Aska ( in Memory )<\/a><\/li><li><a href=\"https:\/\/elo-vom-schwarzen-see.de\/?page_id=499\" >Banjy ( Bonny ) [ in Memory ]<\/a><\/li><li><a href=\"https:\/\/elo-vom-schwarzen-see.de\/?page_id=496\" >Bonni I ( in Memory )<\/a><\/li><li><a href=\"https:\/\/elo-vom-schwarzen-see.de\/?page_id=494\" >Gleenga ( in Memory )<\/a><\/li><li><a href=\"https:\/\/elo-vom-schwarzen-see.de\/?page_id=488\" >Iliaana ( in Memory )<\/a><\/li><\/ul>\r\n<\/div>\r\n<div class=\"ssf-green-after\"><\/div>\r\n<!-- WP Menubar 5.9.4: end menu Unsere Hunde, template Superfish, CSS ssf-green.css -->\n\t\t\t\t<\/div>\n\t\t\t\t<\/div>\n\t\t\t\t\t<\/div>\n\t\t<\/div>\n\t\t\t\t\t<\/div>\n\t\t<\/section>\n\t\t\t\t<section class=\"elementor-section elementor-top-section elementor-element elementor-element-39becc10 elementor-section-boxed elementor-section-height-default elementor-section-height-default\" data-id=\"39becc10\" data-element_type=\"section\" data-e-type=\"section\">\n\t\t\t\t\t\t<div class=\"elementor-container elementor-column-gap-default\">\n\t\t\t\t\t<div class=\"elementor-column elementor-col-50 elementor-top-column elementor-element elementor-element-5e3f02e1\" data-id=\"5e3f02e1\" data-element_type=\"column\" data-e-type=\"column\">\n\t\t\t<div class=\"elementor-widget-wrap elementor-element-populated\">\n\t\t\t\t\t\t<div class=\"elementor-element elementor-element-1ba6d899 elementor-widget elementor-widget-image\" data-id=\"1ba6d899\" data-element_type=\"widget\" data-e-type=\"widget\" data-widget_type=\"image.default\">\n\t\t\t\t<div class=\"elementor-widget-container\">\n\t\t\t\t\t\t\t\t\t\t\t\t<figure class=\"wp-caption\">\n\t\t\t\t\t\t\t\t\t\t\t<a href=\"http:\/\/evss.elo-vom-schwarzen-see.de\/wp-content\/uploads\/2019\/04\/01-Aska-vom-Schwarzen-See-Mutter-1.jpg\" data-elementor-open-lightbox=\"yes\" data-e-action-hash=\"#elementor-action%3Aaction%3Dlightbox%26settings%3DeyJpZCI6MjkzOSwidXJsIjpmYWxzZX0%3D\">\n\t\t\t\t\t\t\t<img decoding=\"async\" src=\"http:\/\/evss.elo-vom-schwarzen-see.de\/wp-content\/uploads\/2019\/04\/01-Aska-vom-Schwarzen-See-Mutter-1.jpg\" title=\"\" alt=\"\" loading=\"lazy\" \/>\t\t\t\t\t\t\t\t<\/a>\n\t\t\t\t\t\t\t\t\t\t\t<figcaption class=\"widget-image-caption wp-caption-text\">Aska vom Schwarzen See<\/figcaption>\n\t\t\t\t\t\t\t\t\t\t<\/figure>\n\t\t\t\t\t\t\t\t\t<\/div>\n\t\t\t\t<\/div>\n\t\t\t\t\t<\/div>\n\t\t<\/div>\n\t\t\t\t<div class=\"elementor-column elementor-col-50 elementor-top-column elementor-element elementor-element-1cc0ec2f\" data-id=\"1cc0ec2f\" data-element_type=\"column\" data-e-type=\"column\">\n\t\t\t<div class=\"elementor-widget-wrap elementor-element-populated\">\n\t\t\t\t\t\t<div class=\"elementor-element elementor-element-16755c9e elementor-widget elementor-widget-text-editor\" data-id=\"16755c9e\" data-element_type=\"widget\" data-e-type=\"widget\" data-widget_type=\"text-editor.default\">\n\t\t\t\t<div class=\"elementor-widget-container\">\n\t\t\t\t\t\t\t\t\t<table style=\"height: 221px; width: 394px;\" width=\"817\"><tbody><tr><td style=\"width: 184px;\">* 16.06.1996<\/td><td style=\"width: 194px;\">\u2020 21.01. 2013<\/td><\/tr><tr><td style=\"width: 184px;\">Gr\u00f6\u00dfe : 52 cm<\/td><td style=\"width: 194px;\">HD: A-frei<\/td><\/tr><tr><td style=\"width: 184px; text-align: center;\">Haarart: Rauhaar<\/td><td style=\"width: 194px; text-align: center;\">\u00a0<\/td><\/tr><tr><td style=\"width: 384px; text-align: center;\" colspan=\"2\"><b>Aska&#8217;s Eltern<\/b><\/td><\/tr><tr><td style=\"width: 184px;\">Mutter<\/td><td style=\"width: 194px;\">Bonni von der kleinen Oase<\/td><\/tr><tr><td style=\"width: 184px;\">Vater<\/td><td style=\"width: 194px;\">Aiko aus der Wundervilla<\/td><\/tr><\/tbody><\/table>\t\t\t\t\t\t\t\t<\/div>\n\t\t\t\t<\/div>\n\t\t\t\t\t<\/div>\n\t\t<\/div>\n\t\t\t\t\t<\/div>\n\t\t<\/section>\n\t\t\t\t<section class=\"elementor-section elementor-top-section elementor-element elementor-element-1fde77c elementor-section-boxed elementor-section-height-default elementor-section-height-default\" data-id=\"1fde77c\" data-element_type=\"section\" data-e-type=\"section\">\n\t\t\t\t\t\t<div class=\"elementor-container elementor-column-gap-default\">\n\t\t\t\t\t<div class=\"elementor-column elementor-col-100 elementor-top-column elementor-element elementor-element-81574fe\" data-id=\"81574fe\" data-element_type=\"column\" data-e-type=\"column\">\n\t\t\t<div class=\"elementor-widget-wrap elementor-element-populated\">\n\t\t\t\t\t\t\t<\/div>\n\t\t<\/div>\n\t\t\t\t\t<\/div>\n\t\t<\/section>\n\t\t\t\t<section class=\"elementor-section elementor-top-section elementor-element elementor-element-2e62384 elementor-section-boxed elementor-section-height-default elementor-section-height-default\" data-id=\"2e62384\" data-element_type=\"section\" data-e-type=\"section\">\n\t\t\t\t\t\t<div class=\"elementor-container elementor-column-gap-default\">\n\t\t\t\t\t<div class=\"elementor-column elementor-col-50 elementor-top-column elementor-element elementor-element-2d1408e\" data-id=\"2d1408e\" data-element_type=\"column\" data-e-type=\"column\">\n\t\t\t<div class=\"elementor-widget-wrap elementor-element-populated\">\n\t\t\t\t\t\t<div class=\"elementor-element elementor-element-a3a5a35 elementor-widget elementor-widget-text-editor\" data-id=\"a3a5a35\" data-element_type=\"widget\" data-e-type=\"widget\" data-widget_type=\"text-editor.default\">\n\t\t\t\t<div class=\"elementor-widget-container\">\n\t\t\t\t\t\t\t\t\t<p>Aska haben wir von unserem ersten Wurf behalten. Sie gefiel uns so gut und wir wollten gerne einen 2. Hund haben. Aska war sehr anh\u00e4nglich an uns, sie ging nie mit jemand anderem als uns spazieren, selbst nicht mit unseren \u00e4lteren S\u00f6hnen. Wenn sie was nicht wollte, war Schluss. Im Alter legte sie sich einfach beim Spazierengehen auf den Weg und ging nicht weiter. Auf dem R\u00fcckweg kam sie dann wieder mit. Sie lag immer an der Stelle, wo sie vorher gelegen hatte.\u00a0<\/p><p>Aska wurde 16,5 Jahre.<\/p>\t\t\t\t\t\t\t\t<\/div>\n\t\t\t\t<\/div>\n\t\t\t\t\t<\/div>\n\t\t<\/div>\n\t\t\t\t<div class=\"elementor-column elementor-col-50 elementor-top-column elementor-element elementor-element-240447f\" data-id=\"240447f\" data-element_type=\"column\" data-e-type=\"column\">\n\t\t\t<div class=\"elementor-widget-wrap elementor-element-populated\">\n\t\t\t\t\t\t<div class=\"elementor-element elementor-element-9ac8069 elementor-widget elementor-widget-image\" data-id=\"9ac8069\" data-element_type=\"widget\" data-e-type=\"widget\" data-widget_type=\"image.default\">\n\t\t\t\t<div class=\"elementor-widget-container\">\n\t\t\t\t\t\t\t\t\t\t\t\t<figure class=\"wp-caption\">\n\t\t\t\t\t\t\t\t\t\t\t<a href=\"http:\/\/jalbum.net\/de\/browse\/user\/album\/1729857\" target=\"_blank\">\n\t\t\t\t\t\t\t<img decoding=\"async\" src=\"http:\/\/evss.elo-vom-schwarzen-see.de\/wp-content\/uploads\/2019\/05\/Aska-2.jpg\" title=\"\" alt=\"\" loading=\"lazy\" \/>\t\t\t\t\t\t\t\t<\/a>\n\t\t\t\t\t\t\t\t\t\t\t<figcaption class=\"widget-image-caption wp-caption-text\">Auf das Bild clicken, dann geht ein Album auf.<\/figcaption>\n\t\t\t\t\t\t\t\t\t\t<\/figure>\n\t\t\t\t\t\t\t\t\t<\/div>\n\t\t\t\t<\/div>\n\t\t\t\t\t<\/div>\n\t\t<\/div>\n\t\t\t\t\t<\/div>\n\t\t<\/section>\n\t\t\t\t<\/div>\n\t\t","protected":false},"excerpt":{"rendered":"<p>Aska vom Schwarzen See * 16.06.1996 \u2020 21.01. 2013 Gr\u00f6\u00dfe : 52 cm HD: A-frei Haarart: Rauhaar &nbsp; Aska&#8217;s Eltern Mutter Bonni [&hellip;]<\/p>\n","protected":false},"author":1,"featured_media":0,"parent":241,"menu_order":0,"comment_status":"closed","ping_status":"closed","template":"elementor_header_footer","meta":{"footnotes":""},"class_list":["post-498","page","type-page","status-publish","hentry"],"publishpress_future_action":{"enabled":false,"date":"2026-04-24 06:24:12","action":"change-status","newStatus":"draft","terms":[],"taxonomy":""},"publishpress_future_workflow_manual_trigger":{"enabledWorkflows":[]},"_links":{"self":[{"href":"https:\/\/elo-vom-schwarzen-see.de\/index.php?rest_route=\/wp\/v2\/pages\/498"}],"collection":[{"href":"https:\/\/elo-vom-schwarzen-see.de\/index.php?rest_route=\/wp\/v2\/pages"}],"about":[{"href":"https:\/\/elo-vom-schwarzen-see.de\/index.php?rest_route=\/wp\/v2\/types\/page"}],"author":[{"embeddable":true,"href":"https:\/\/elo-vom-schwarzen-see.de\/index.php?rest_route=\/wp\/v2\/users\/1"}],"replies":[{"embeddable":true,"href":"https:\/\/elo-vom-schwarzen-see.de\/index.php?rest_route=%2Fwp%2Fv2%2Fcomments&post=498"}],"version-history":[{"count":0,"href":"https:\/\/elo-vom-schwarzen-see.de\/index.php?rest_route=\/wp\/v2\/pages\/498\/revisions"}],"up":[{"embeddable":true,"href":"https:\/\/elo-vom-schwarzen-see.de\/index.php?rest_route=\/wp\/v2\/pages\/241"}],"wp:attachment":[{"href":"https:\/\/elo-vom-schwarzen-see.de\/index.php?rest_route=%2Fwp%2Fv2%2Fmedia&parent=498"}],"curies":[{"name":"wp","href":"https:\/\/api.w.org\/{rel}","templated":true}]}}